{"id":4331,"date":"2022-09-08T16:06:46","date_gmt":"2022-09-08T16:06:46","guid":{"rendered":"http:\/\/tancanhuitzaccionesquehablan.gob.mx\/?page_id=4331"},"modified":"2022-09-08T18:39:56","modified_gmt":"2022-09-08T18:39:56","slug":"tramites-y-servicios","status":"publish","type":"page","link":"http:\/\/tancanhuitzaccionesquehablan.gob.mx\/?page_id=4331","title":{"rendered":"TRAMITES Y SERVICIOS"},"content":{"rendered":"\t\t<div data-elementor-type=\"wp-page\" data-elementor-id=\"4331\" class=\"elementor elementor-4331\">\n\t\t\t\t\t\t<section class=\"elementor-section elementor-top-section elementor-element elementor-element-c970d14 elementor-section-boxed elementor-section-height-default elementor-section-height-default\" data-id=\"c970d14\" data-element_type=\"section\">\n\t\t\t\t\t\t<div class=\"elementor-container elementor-column-gap-default\">\n\t\t\t\t\t<div class=\"elementor-column elementor-col-100 elementor-top-column elementor-element elementor-element-85bb077\" data-id=\"85bb077\" data-element_type=\"column\">\n\t\t\t<div class=\"elementor-widget-wrap elementor-element-populated\">\n\t\t\t\t\t\t<div class=\"elementor-element elementor-element-ed98a94 elementor-widget elementor-widget-spacer\" data-id=\"ed98a94\" data-element_type=\"widget\" data-widget_type=\"spacer.default\">\n\t\t\t\t<div class=\"elementor-widget-container\">\n\t\t\t\t\t\t\t<div class=\"elementor-spacer\">\n\t\t\t<div class=\"elementor-spacer-inner\"><\/div>\n\t\t<\/div>\n\t\t\t\t\t\t<\/div>\n\t\t\t\t<\/div>\n\t\t\t\t\t<\/div>\n\t\t<\/div>\n\t\t\t\t\t<\/div>\n\t\t<\/section>\n\t\t\t\t<section class=\"elementor-section elementor-top-section elementor-element elementor-element-a60abf9 elementor-section-boxed elementor-section-height-default elementor-section-height-default\" data-id=\"a60abf9\" data-element_type=\"section\">\n\t\t\t\t\t\t<div class=\"elementor-container elementor-column-gap-default\">\n\t\t\t\t\t<div class=\"elementor-column elementor-col-100 elementor-top-column elementor-element elementor-element-bdca17e\" data-id=\"bdca17e\" data-element_type=\"column\">\n\t\t\t<div class=\"elementor-widget-wrap elementor-element-populated\">\n\t\t\t\t\t\t<div class=\"elementor-element elementor-element-eccd89e elementor-invisible elementor-widget elementor-widget-heading\" data-id=\"eccd89e\" data-element_type=\"widget\" data-settings=\"{&quot;_animation&quot;:&quot;fadeIn&quot;}\" data-widget_type=\"heading.default\">\n\t\t\t\t<div class=\"elementor-widget-container\">\n\t\t\t\t\t<h1 class=\"elementor-heading-title elementor-size-xxl\">Tramites y Servicios<\/h1>\t\t\t\t<\/div>\n\t\t\t\t<\/div>\n\t\t\t\t\t<\/div>\n\t\t<\/div>\n\t\t\t\t\t<\/div>\n\t\t<\/section>\n\t\t\t\t<section class=\"elementor-section elementor-top-section elementor-element elementor-element-2697850 elementor-section-boxed elementor-section-height-default elementor-section-height-default\" data-id=\"2697850\" data-element_type=\"section\">\n\t\t\t\t\t\t<div class=\"elementor-container elementor-column-gap-default\">\n\t\t\t\t\t<div class=\"elementor-column elementor-col-50 elementor-top-column elementor-element elementor-element-2b13d20\" data-id=\"2b13d20\" data-element_type=\"column\">\n\t\t\t<div class=\"elementor-widget-wrap elementor-element-populated\">\n\t\t\t\t\t\t<section class=\"elementor-section elementor-inner-section elementor-element elementor-element-6fa075f elementor-section-boxed elementor-section-height-default elementor-section-height-default\" data-id=\"6fa075f\" data-element_type=\"section\">\n\t\t\t\t\t\t<div class=\"elementor-container elementor-column-gap-default\">\n\t\t\t\t\t<div class=\"elementor-column elementor-col-50 elementor-inner-column elementor-element elementor-element-54a7010\" data-id=\"54a7010\" data-element_type=\"column\">\n\t\t\t<div class=\"elementor-widget-wrap elementor-element-populated\">\n\t\t\t\t\t\t<div class=\"elementor-element elementor-element-d93e0d3 elementor-widget elementor-widget-text-editor\" data-id=\"d93e0d3\" data-element_type=\"widget\" data-widget_type=\"text-editor.default\">\n\t\t\t\t<div class=\"elementor-widget-container\">\n\t\t\t\t\t\t\t\t\t<ul><li><a href=\"http:\/\/tancanhuitzaccionesquehablan.gob.mx\/wp-content\/uploads\/2022\/09\/COMERCIO.pdf\" target=\"_blank\" rel=\"noopener\">Comercio<\/a><\/li><li><a href=\"http:\/\/tancanhuitzaccionesquehablan.gob.mx\/wp-content\/uploads\/2022\/09\/BIENESTAR-FAMILIAR.pdf\" target=\"_blank\" rel=\"noopener\">Bienestar familiar<\/a><\/li><li><a href=\"http:\/\/tancanhuitzaccionesquehablan.gob.mx\/wp-content\/uploads\/2022\/09\/BIBLIOTECA-MUNICIPAL.pdf\" target=\"_blank\" rel=\"noopener\">Biblioteca Municipal<\/a><\/li><li><a href=\"http:\/\/tancanhuitzaccionesquehablan.gob.mx\/wp-content\/uploads\/2022\/09\/ASUNTOS-INDIGENAS.pdf\" target=\"_blank\" rel=\"noopener\">Asuntos Ind\u00edgenas<\/a><\/li><li><a href=\"http:\/\/tancanhuitzaccionesquehablan.gob.mx\/wp-content\/uploads\/2022\/09\/Contraloria-Interna.pdf\" target=\"_blank\" rel=\"noopener\">Contralor\u00eda Interna\u00a0<\/a><\/li><li><a href=\"http:\/\/tancanhuitzaccionesquehablan.gob.mx\/wp-content\/uploads\/2022\/09\/SECRETARIA-GENERAL.pdf\" target=\"_blank\" rel=\"noopener\">Secretaria General<\/a><\/li><\/ul>\t\t\t\t\t\t\t\t<\/div>\n\t\t\t\t<\/div>\n\t\t\t\t\t<\/div>\n\t\t<\/div>\n\t\t\t\t<div class=\"elementor-column elementor-col-50 elementor-inner-column elementor-element elementor-element-1226a25\" data-id=\"1226a25\" data-element_type=\"column\">\n\t\t\t<div class=\"elementor-widget-wrap elementor-element-populated\">\n\t\t\t\t\t\t<div class=\"elementor-element elementor-element-df90246 elementor-widget elementor-widget-text-editor\" data-id=\"df90246\" data-element_type=\"widget\" data-widget_type=\"text-editor.default\">\n\t\t\t\t<div class=\"elementor-widget-container\">\n\t\t\t\t\t\t\t\t\t<ul><li><a href=\"http:\/\/tancanhuitzaccionesquehablan.gob.mx\/wp-content\/uploads\/2022\/09\/JURIDICO-DIF.pdf\" target=\"_blank\" rel=\"noopener\">Jur\u00eddico Municipal<\/a><\/li><li><a href=\"http:\/\/tancanhuitzaccionesquehablan.gob.mx\/wp-content\/uploads\/2022\/09\/JUNTA-MUNICIPAL-DE-RECLUTAMIENTO.pdf\" target=\"_blank\" rel=\"noopener\">Junta mpal de reclutamiento<\/a><\/li><li><a href=\"http:\/\/tancanhuitzaccionesquehablan.gob.mx\/wp-content\/uploads\/2022\/09\/INSTITUTO-DE-LA-MUJER.pdf\" target=\"_blank\" rel=\"noopener\">Instituto de la mujer<\/a><\/li><li><a href=\"http:\/\/tancanhuitzaccionesquehablan.gob.mx\/wp-content\/uploads\/2022\/09\/INAPAM.pdf\" target=\"_blank\" rel=\"noopener\">Inapam<\/a><\/li><li><a href=\"http:\/\/tancanhuitzaccionesquehablan.gob.mx\/wp-content\/uploads\/2022\/09\/ALCOHOLES.pdf\" target=\"_blank\" rel=\"noopener\">Alcoholes<\/a><\/li><li><a href=\"http:\/\/tancanhuitzaccionesquehablan.gob.mx\/wp-content\/uploads\/2022\/09\/PROTECCION-CIVIL.pdf\" target=\"_blank\" rel=\"noopener\">Protecci\u00f3n Civil<\/a><\/li><\/ul>\t\t\t\t\t\t\t\t<\/div>\n\t\t\t\t<\/div>\n\t\t\t\t\t<\/div>\n\t\t<\/div>\n\t\t\t\t\t<\/div>\n\t\t<\/section>\n\t\t\t\t\t<\/div>\n\t\t<\/div>\n\t\t\t\t<div class=\"elementor-column elementor-col-50 elementor-top-column elementor-element elementor-element-b988896\" data-id=\"b988896\" data-element_type=\"column\">\n\t\t\t<div class=\"elementor-widget-wrap elementor-element-populated\">\n\t\t\t\t\t\t<section class=\"elementor-section elementor-inner-section elementor-element elementor-element-7eeab5c elementor-section-boxed elementor-section-height-default elementor-section-height-default\" data-id=\"7eeab5c\" data-element_type=\"section\">\n\t\t\t\t\t\t<div class=\"elementor-container elementor-column-gap-default\">\n\t\t\t\t\t<div class=\"elementor-column elementor-col-50 elementor-inner-column elementor-element elementor-element-2158efd\" data-id=\"2158efd\" data-element_type=\"column\">\n\t\t\t<div class=\"elementor-widget-wrap elementor-element-populated\">\n\t\t\t\t\t\t<div class=\"elementor-element elementor-element-de8005b elementor-widget elementor-widget-text-editor\" data-id=\"de8005b\" data-element_type=\"widget\" data-widget_type=\"text-editor.default\">\n\t\t\t\t<div class=\"elementor-widget-container\">\n\t\t\t\t\t\t\t\t\t<ul><li><a href=\"http:\/\/tancanhuitzaccionesquehablan.gob.mx\/wp-content\/uploads\/2022\/09\/ECOLOGIA-ASE.pdf\" target=\"_blank\" rel=\"noopener\">Ecolog\u00eda<\/a><\/li><li><a href=\"http:\/\/tancanhuitzaccionesquehablan.gob.mx\/wp-content\/uploads\/2022\/09\/DEPORTE.pdf\" target=\"_blank\" rel=\"noopener\">Deportes<\/a><\/li><li><a href=\"http:\/\/tancanhuitzaccionesquehablan.gob.mx\/wp-content\/uploads\/2022\/09\/CULTURA.pdf\" target=\"_blank\" rel=\"noopener\">Cultura<\/a><\/li><li><a href=\"http:\/\/tancanhuitzaccionesquehablan.gob.mx\/wp-content\/uploads\/2022\/09\/COORDINACION-DIF.pdf\" target=\"_blank\" rel=\"noopener\">Coordinaci\u00f3n Dif<\/a><\/li><li><a href=\"http:\/\/tancanhuitzaccionesquehablan.gob.mx\/wp-content\/uploads\/2022\/09\/AREA-DE-SALUD.pdf\" target=\"_blank\" rel=\"noopener\">\u00c1rea de salud<\/a><\/li><li><a href=\"http:\/\/tancanhuitzaccionesquehablan.gob.mx\/wp-content\/uploads\/2022\/09\/OBRAS.pdf\" target=\"_blank\" rel=\"noopener\">Obras Publicas<\/a><\/li><\/ul>\t\t\t\t\t\t\t\t<\/div>\n\t\t\t\t<\/div>\n\t\t\t\t\t<\/div>\n\t\t<\/div>\n\t\t\t\t<div class=\"elementor-column elementor-col-50 elementor-inner-column elementor-element elementor-element-220d2af\" data-id=\"220d2af\" data-element_type=\"column\">\n\t\t\t<div class=\"elementor-widget-wrap elementor-element-populated\">\n\t\t\t\t\t\t<div class=\"elementor-element elementor-element-036843f elementor-widget elementor-widget-text-editor\" data-id=\"036843f\" data-element_type=\"widget\" data-widget_type=\"text-editor.default\">\n\t\t\t\t<div class=\"elementor-widget-container\">\n\t\t\t\t\t\t\t\t\t<ul><li><a href=\"http:\/\/tancanhuitzaccionesquehablan.gob.mx\/wp-content\/uploads\/2022\/09\/UBR.pdf\" target=\"_blank\" rel=\"noopener\">Ubr<\/a><\/li><li><a href=\"http:\/\/tancanhuitzaccionesquehablan.gob.mx\/wp-content\/uploads\/2022\/09\/TURISMO.pdf\" target=\"_blank\" rel=\"noopener\">Turismo<\/a><\/li><li><a href=\"http:\/\/tancanhuitzaccionesquehablan.gob.mx\/wp-content\/uploads\/2022\/09\/SINDICATURA-MUNICIPAL.pdf\" target=\"_blank\" rel=\"noopener\">Sindicatura Municipal<\/a><\/li><li><a href=\"http:\/\/tancanhuitzaccionesquehablan.gob.mx\/wp-content\/uploads\/2022\/09\/SERVICIOS-MUNICIPALES.pdf\" target=\"_blank\" rel=\"noopener\">Servicios Municipales\u00a0<\/a><\/li><li><a href=\"http:\/\/tancanhuitzaccionesquehablan.gob.mx\/wp-content\/uploads\/2022\/09\/seguridad-publica.pdf\" target=\"_blank\" rel=\"noopener\">Seguridad Publica\u00a0<\/a><\/li><li><a href=\"http:\/\/tancanhuitzaccionesquehablan.gob.mx\/wp-content\/uploads\/2022\/09\/JUVENTUD.pdf\" target=\"_blank\" rel=\"noopener\">Instituto de la Juventud<\/a><\/li><\/ul>\t\t\t\t\t\t\t\t<\/div>\n\t\t\t\t<\/div>\n\t\t\t\t\t<\/div>\n\t\t<\/div>\n\t\t\t\t\t<\/div>\n\t\t<\/section>\n\t\t\t\t\t<\/div>\n\t\t<\/div>\n\t\t\t\t\t<\/div>\n\t\t<\/section>\n\t\t\t\t<\/div>\n\t\t","protected":false},"excerpt":{"rendered":"<p>Tramites y Servicios Comercio Bienestar familiar Biblioteca Municipal Asuntos Ind\u00edgenas Contralor\u00eda Interna\u00a0 Secretaria General Jur\u00eddico Municipal Junta mpal de reclutamiento Instituto de la mujer Inapam Alcoholes Protecci\u00f3n Civil Ecolog\u00eda Deportes Cultura Coordinaci\u00f3n Dif \u00c1rea de salud Obras Publicas Ubr Turismo Sindicatura Municipal Servicios Municipales\u00a0 Seguridad Publica\u00a0 Instituto de la Juventud<\/p>\n","protected":false},"author":1,"featured_media":0,"parent":0,"menu_order":0,"comment_status":"closed","ping_status":"closed","template":"","meta":{"site-sidebar-layout":"no-sidebar","site-content-layout":"page-builder","ast-site-content-layout":"default","site-content-style":"default","site-sidebar-style":"default","ast-global-header-display":"","ast-banner-title-visibility":"","ast-main-header-display":"","ast-hfb-above-header-display":"","ast-hfb-below-header-display":"","ast-hfb-mobile-header-display":"","site-post-title":"disabled","ast-breadcrumbs-content":"","ast-featured-img":"disabled","footer-sml-layout":"","ast-disable-related-posts":"","theme-transparent-header-meta":"","adv-header-id-meta":"","stick-header-meta":"","header-above-stick-meta":"","header-main-stick-meta":"","header-below-stick-meta":"","astra-migrate-meta-layouts":"default","ast-page-background-enabled":"default","ast-page-background-meta":{"desktop":{"background-color":"","background-image":"","background-repeat":"repeat","background-position":"center center","background-size":"auto","background-attachment":"scroll","background-type":"","background-media":"","overlay-type":"","overlay-color":"","overlay-opacity":"","overlay-gradient":""},"tablet":{"background-color":"","background-image":"","background-repeat":"repeat","background-position":"center center","background-size":"auto","background-attachment":"scroll","background-type":"","background-media":"","overlay-type":"","overlay-color":"","overlay-opacity":"","overlay-gradient":""},"mobile":{"background-color":"","background-image":"","background-repeat":"repeat","background-position":"center center","background-size":"auto","background-attachment":"scroll","background-type":"","background-media":"","overlay-type":"","overlay-color":"","overlay-opacity":"","overlay-gradient":""}},"ast-content-background-meta":{"desktop":{"background-color":"var(--ast-global-color-5)","background-image":"","background-repeat":"repeat","background-position":"center center","background-size":"auto","background-attachment":"scroll","background-type":"","background-media":"","overlay-type":"","overlay-color":"","overlay-opacity":"","overlay-gradient":""},"tablet":{"background-color":"var(--ast-global-color-5)","background-image":"","background-repeat":"repeat","background-position":"center center","background-size":"auto","background-attachment":"scroll","background-type":"","background-media":"","overlay-type":"","overlay-color":"","overlay-opacity":"","overlay-gradient":""},"mobile":{"background-color":"var(--ast-global-color-5)","background-image":"","background-repeat":"repeat","background-position":"center center","background-size":"auto","background-attachment":"scroll","background-type":"","background-media":"","overlay-type":"","overlay-color":"","overlay-opacity":"","overlay-gradient":""}},"footnotes":""},"class_list":["post-4331","page","type-page","status-publish","hentry"],"_links":{"self":[{"href":"http:\/\/tancanhuitzaccionesquehablan.gob.mx\/index.php?rest_route=\/wp\/v2\/pages\/4331","targetHints":{"allow":["GET"]}}],"collection":[{"href":"http:\/\/tancanhuitzaccionesquehablan.gob.mx\/index.php?rest_route=\/wp\/v2\/pages"}],"about":[{"href":"http:\/\/tancanhuitzaccionesquehablan.gob.mx\/index.php?rest_route=\/wp\/v2\/types\/page"}],"author":[{"embeddable":true,"href":"http:\/\/tancanhuitzaccionesquehablan.gob.mx\/index.php?rest_route=\/wp\/v2\/users\/1"}],"replies":[{"embeddable":true,"href":"http:\/\/tancanhuitzaccionesquehablan.gob.mx\/index.php?rest_route=%2Fwp%2Fv2%2Fcomments&post=4331"}],"version-history":[{"count":90,"href":"http:\/\/tancanhuitzaccionesquehablan.gob.mx\/index.php?rest_route=\/wp\/v2\/pages\/4331\/revisions"}],"predecessor-version":[{"id":6339,"href":"http:\/\/tancanhuitzaccionesquehablan.gob.mx\/index.php?rest_route=\/wp\/v2\/pages\/4331\/revisions\/6339"}],"wp:attachment":[{"href":"http:\/\/tancanhuitzaccionesquehablan.gob.mx\/index.php?rest_route=%2Fwp%2Fv2%2Fmedia&parent=4331"}],"curies":[{"name":"wp","href":"https:\/\/api.w.org\/{rel}","templated":true}]}}